{"id":7,"date":"2020-05-13T11:16:56","date_gmt":"2020-05-13T16:16:56","guid":{"rendered":"http:\/\/codimatsas.com\/?page_id=7"},"modified":"2020-06-27T10:43:54","modified_gmt":"2020-06-27T15:43:54","slug":"the-new-umoma-opens-its-doors-2","status":"publish","type":"page","link":"https:\/\/codimatsas.com\/","title":{"rendered":"Nosotros"},"content":{"rendered":"<p>Somos Codimat S.A.S.<\/p>\n<p>Comercializadora y Distribuidora de Materiales para la Construcci\u00f3n<br \/>\nNacimos 2012 con la mentalidad de ser su amigo distribuidor en la comercializaci\u00f3n de materiales para la construcci\u00f3n y poder aportar a su empresa o negocio un ayuda fuerte que impulse sus ventas y ganancias.<\/p>\n<p>Cont\u00e1ctenos y denos el gusto de convertirnos en su amigo distribuidor.<\/p>\n<p><img loading=\"lazy\" decoding=\"async\" class=\"alignnone size-full wp-image-75\" src=\"https:\/\/codimatsas.com\/wp-content\/uploads\/2020\/06\/camiones.jpeg\" alt=\"\" width=\"1280\" height=\"475\" srcset=\"https:\/\/codimatsas.com\/wp-content\/uploads\/2020\/06\/camiones.jpeg 1280w, https:\/\/codimatsas.com\/wp-content\/uploads\/2020\/06\/camiones-600x223.jpeg 600w, https:\/\/codimatsas.com\/wp-content\/uploads\/2020\/06\/camiones-300x111.jpeg 300w, https:\/\/codimatsas.com\/wp-content\/uploads\/2020\/06\/camiones-1024x380.jpeg 1024w, https:\/\/codimatsas.com\/wp-content\/uploads\/2020\/06\/camiones-768x285.jpeg 768w\" sizes=\"auto, (max-width: 1280px) 100vw, 1280px\" \/><\/p>\n","protected":false},"excerpt":{"rendered":"<p>Somos Codimat S.A.S. Comercializadora y Distribuidora de Materiales para la Construcci\u00f3n Nacimos 2012 con la mentalidad de ser su amigo distribuidor en la comercializaci\u00f3n de materiales para la construcci\u00f3n y poder aportar a su empresa o negocio un ayuda fuerte que impulse sus ventas y ganancias. Cont\u00e1ctenos y denos el gusto de convertirnos en su [&hellip;]<\/p>\n","protected":false},"author":1,"featured_media":0,"parent":0,"menu_order":0,"comment_status":"closed","ping_status":"closed","template":"","meta":{"footnotes":""},"class_list":["post-7","page","type-page","status-publish","hentry"],"_links":{"self":[{"href":"https:\/\/codimatsas.com\/index.php\/wp-json\/wp\/v2\/pages\/7","targetHints":{"allow":["GET"]}}],"collection":[{"href":"https:\/\/codimatsas.com\/index.php\/wp-json\/wp\/v2\/pages"}],"about":[{"href":"https:\/\/codimatsas.com\/index.php\/wp-json\/wp\/v2\/types\/page"}],"author":[{"embeddable":true,"href":"https:\/\/codimatsas.com\/index.php\/wp-json\/wp\/v2\/users\/1"}],"replies":[{"embeddable":true,"href":"https:\/\/codimatsas.com\/index.php\/wp-json\/wp\/v2\/comments?post=7"}],"version-history":[{"count":7,"href":"https:\/\/codimatsas.com\/index.php\/wp-json\/wp\/v2\/pages\/7\/revisions"}],"predecessor-version":[{"id":63,"href":"https:\/\/codimatsas.com\/index.php\/wp-json\/wp\/v2\/pages\/7\/revisions\/63"}],"wp:attachment":[{"href":"https:\/\/codimatsas.com\/index.php\/wp-json\/wp\/v2\/media?parent=7"}],"curies":[{"name":"wp","href":"https:\/\/api.w.org\/{rel}","templated":true}]}}